 digit of y?
2
Let p = -6 - -3. Let z = 9 + p. What is the units digit of z?
6
Suppose 0 = -4*v + 53 + 51. What is the units digit of v?
6
Suppose 3*y = 5*l - 6, 2*y = 3*l - 2*y + 3. Suppose -l*q - 45 = -5*x, q + 2 = x - 5. What is the tens digit of x?
1
Suppose -u - 2 = -7. Suppose u*s = 9 + 1. Suppose 3*n + 4*v - 20 = 1, -s*n - v = -9. What is the units digit of n?
3
Let m(k) be the first derivative of 7/3*k**3 + 8*k - 1 + 1/2*k**2 - 1/4*k**4. What is the tens digit of m(7)?
1
Suppose 280 = 4*s - 404. What is the hundreds digit of s?
1
Let q(k) = -k**3 + 4*k**2 + 3. Let j be q(4). Suppose m - 5*m - 3*p + 83 = 0, 4*p + 31 = j*m. What is the tens digit of m?
1
Let y(p) = 13*p**2. What is the tens digit of y(1)?
1
Suppose 7*o - 3*o - 14 = 3*w, -4*o = 5*w - 30. Suppose -o*q - 2*u = -140, 88 = 2*q + 5*u + 11. What is the units digit of q?
6
Suppose -164 = -4*r - 4*l, -r + l + 0*l + 39 = 0. What is the units digit of r?
0
Suppose 5*u = 2*u. Suppose 2*x = 2*k + 6*x + 4, 5*x = -20. Suppose -q + k*q - 80 = u. What is the tens digit of q?
1
Let f(b) = -14*b + 12. What is the tens digit of f(-4)?
6
Let c = 3 + -3. Suppose 0 = 5*z - 5*g - 20, c = -z + 4*z - g - 16. Suppose -r + z = -3. What is the units digit of r?
9
Let r be 1*(5 + (-1 - 1)). Suppose 8*d - 40 = r*d. Let b = d - -5. What is the tens digit of b?
1
Suppose d = 4 - 2. Suppose j + 0 - d = 0. Suppose j*a - 10 - 24 = q, 5*a - 82 = 4*q. What is the units digit of a?
8
Suppose -2*y + 5 = -1. Suppose 3*q = -4*o + 24, q = 6*o - y*o - 5. What is the units digit of o?
3
Let s be 15/(-2*(-12)/(-16)). What is the tens digit of (-75)/s*(-20)/(-3)?
5
Suppose 3*c + 2*c = 145. What is the tens digit of c?
2
Let j = -3 - -6. Suppose j*n + 2 = 4*p, -2*n - 3*p + 14 = 2*n. What is the units digit of n + ((-6)/3)/2?
1
Suppose 0 = 2*u - 5*u - 15. Let h = u - -7. Suppose 5*c - 2*v - 14 = c, -h*c = -2*v - 6. What is the units digit of c?
4
Let i be (-1 + 2)*(-2 - -2). Suppose -3*f = 2*k + 17, 2*k - f + i = -5. Let o = 1 - k. What is the units digit of o?
5
Let b be 1/2 + (-174)/(-4). Let a = b - 31. What is the units digit of a?
3
Suppose -4*z + 44 = 4. What is the units digit of z?
0
What is the units digit of ((-44)/(-12))/(2/6)?
1
Let s(m) = -m + 8. Let z(d) = d - 16. Let g(y) = 7*s(y) + 4*z(y). Let w be g(-6). Let q = w + -5. What is the units digit of q?
5
Let l = 173 - 60. What is the tens digit of l?
1
Let o(r) = 6*r. Let y = 19 - 18. What is the units digit of o(y)?
6
Suppose -3*j + 0*s - 4*s + 11 = 0, 5*j - 21 = -4*s. Suppose -j*k + 15 = 3*a - 2*k, a + 5*k = 13. What is the units digit of a?
3
Let u(f) = -f**3 - 5*f**2 - 6*f - 5. Let t be u(-4). Suppose -t*r = -6*r + 39. What is the units digit of r?
3
Suppose 0 = u + 4*x - 0 - 13, -2*x = -4*u - 20. Let j = -2 - u. Suppose 1 = 2*v - j. What is the units digit of v?
1
Suppose -3*w + 171 = 3*n, -3*n + n - 4*w + 122 = 0. What is the units digit of n?
3
Suppose 3 = i + h, 3*h + 8 - 1 = -i. What is the units digit of i?
8
Let w(i) = -7*i + 24. What is the tens digit of w(-4)?
5
Let y(c) = -6*c**3 + 2*c**2 - 2*c - 8. What is the units digit of y(-3)?
8
Suppose -3*j - 2*m = -58, 0 = -j + 2*m + 20 + 2. What is the units digit of j?
0
Let v(f) = f**3 + 9*f**2 - 12*f - 2. Let x = -33 + 23. What is the units digit of v(x)?
8
Suppose 0*w - 4*w = -376. Let q = w - 49. What is the tens digit of q?
4
Suppose -1696 = -8*w + 296. What is the units digit of w?
9
Let z be 3/((-9)/(-39))*1. Suppose 6 - z = -a. What is the units digit of a?
7
Let x = -47 - -91. What is the tens digit of x?
4
Let b = -1 + 6. Suppose 4 = -b*n - 1. Let f = 11 - n. What is the units digit of f?
2
Suppose 0 = 5*m + 5*d - 1310, -3*m + 5*d - 7*d = -791. What is the tens digit of m?
6
Suppose 571 = 10*v - 659. What is the hundreds digit of v?
1
Let d(u) = -u**3 + 8*u**2 - 7*u. What is the tens digit of d(5)?
4
Suppose -4*z - 20 = -s, -4*s - 2*z - z - 15 = 0. Suppose y + s*x - 33 = -4*x, 4*x = 16. What is the units digit of y?
7
Suppose 3*i - 16 = -4*y, -3*y + i + 8 = -y. Let d = y + 1. What is the units digit of d/(-2)*(-66)/15?
1
Suppose 5 = 5*t + f, 0 = 4*t + 2*f - 3*f - 4. Let q be (-3*t)/(1/(-3)). Let s(d) = d - 2. What is the units digit of s(q)?
7
Suppose -5*t = 4*j - 10*t - 31, -t = -3*j + 15. Suppose -b - j = -1. What is the units digit of (-4)/1*b/2?
6
Let o(u) = 2*u**2. Let x be o(-1). Suppose -x*p = -13 + 5. Let n = p - -5. What is the units digit of n?
9
Let d(z) = 4*z**2 + 2*z - 3. Let w = 6 + -4. What is the tens digit of d(w)?
1
Suppose -3*t + n = -6*t + 11, t + 3*n - 1 = 0. Let a(d) = 2*d**3 - d**3 + d - t*d**2 - 1 + 0*d**2. What is the units digit of a(4)?
3
Let v(w) = -w - 13. Let h be v(-9). Let i = h + 17. What is the tens digit of i?
1
What is the units digit of (-36)/(-30)*(-80)/(-3)?
2
Let d(b) = -b**3 + 5*b**2 + b + 4. Let i be d(5). Let a = -2 + i. What is the units digit of a?
7
Suppose q = -4*a + 1, 5*a + 4*q - q - 3 = 0. Suppose a = u - 6*u + 110. What is the units digit of u?
2
Let s = -39 - -4. Let u be (-84)/s*(-10)/(-4). Let x = 8 - u. What is the units digit of x?
2
Let s(t) = 4*t. Let g be s(2). Let q = -8 + 11. Suppose 0 = h - 0*h + 3*u - g, q*h = 4*u - 2. What is the units digit of h?
2
Let x(o) = o - 3. Let f be x(3). What is the units digit of (f + 2)/((-2)/(-5))?
5
Suppose 10 = -2*s, 2*c - 5*s = -0*s + 65. What is the units digit of c?
0
Let o(f) = 22*f**3 - 3*f + 2. What is the units digit of o(1)?
1
Let z be ((-42)/8)/((-7)/28). What is the units digit of 175/z + 2/3?
9
Let a(y) = -6*y - 1. Let r be a(5). What is the units digit of (2 - 3) + 3 - r?
3
Suppose -5*l = 128 - 38. Let f = l - -26. What is the units digit of f?
8
Let t(u) = 2*u**2 + 8*u + 8. Suppose 3*g + 23 = -o, -3*g - 2*o = -4*o + 8. What is the tens digit of t(g)?
3
Let h = 9 - -3. Let y be (-4)/(-16) + (-183)/h. Let l = 23 + y. What is the units digit of l?
8
Suppose -47 = -5*y - 4*z + 69, -5*y - 3*z + 112 = 0. What is the tens digit of y?
2
Let s(m) = m**2 + 12*m - 10. Let t be s(-8). Let p = -26 - t. What is the units digit of p?
6
Let n(y) = y**3 + 5*y**2 - 9*y - 7. Suppose 5*b = 4*p + 39, b = -5*p - 30 + 3. What is the units digit of n(p)?
1
Suppose 4*f + 116 = -7*q + 3*q, -3*f = 2*q + 83. What is the units digit of 2/(-10) - 605/f?
4
Suppose -5*i + 0*t = 4*t - 18, 4*i - 2 = 3*t. Suppose 3*z - 3*q - 12 = 0, 1 = 3*z - i*q - 9. Suppose -3 = -p - z. What is the units digit of p?
1
Let k = 41 + -25. What is the tens digit of 2 + k/(-4) + 22?
2
Let m = -11 + 4. What is the units digit of (-480)/(-84) - 2/m?
6
Let k = 1 + 0. Let c = k + -4. Let i(v) = 2*v**2 + 4*v + 1. What is the units digit of i(c)?
7
Suppose 11 = -3*d - 22. Let u = 29 - d. What is the tens digit of u?
4
Suppose 0 = 15*s - 1110 - 3885. What is the units digit of s?
3
Suppose -14*i = -10*i - 16. Let n = 5 + -3. Suppose 0 = -2*s + 4*p - 8, n*s + i*p = 5*s + 4. What is the units digit of s?
4
Let d(n) = n**2 - 5*n + 3. What is the tens digit of d(-8)?
0
Suppose -4*z - 5*b + 2 = -2*z, -4*z + 3*b - 22 = 0. Let t = z + 4. Suppose t = -x + 4*x - 27. What is the units digit of x?
9
Let f = 4 + 248. What is the hundreds digit of f?
2
Suppose -z - 1469 = -5*i, i + 3*z + 0*z - 281 = 0. What is the units digit of i?
3
Let w be 42/((-1)/(4/(-8))). Let a = -18 + w. What is the units digit of a?
3
Let p = 3 - 0. Suppose -25 = -3*z - p*y + 2, 9 = 2*z + 5*y. Let x = z - 7. What is the units digit of x?
5
Let j(d) = d - 5. Let a be j(5). Let m = 32 - a. Let l = -18 + m. What is the units digit of l?
4
Suppose -4*r + 205 = -3*s - 273, 236 = 2*r - 3*s. What is the units digit of r?
1
Suppose 333 = s - 3*t, 521 = 3*s + 4*t - 504. What is the units digit of s?
9
Let l(u) = 5*u**2 + 5*u - 5. What is the units digit of l(-4)?
5
Let f be 68/12 - 4/6. Suppose -2*c + 1 - 3 = 0, -f*c = 2*h - 69. What is the units digit of h?
7
Suppose -36 = -2*f - 2*c, 140 = 5*f - 5*c - 0*c. Suppose i + y = -3*i + f, -17 = -i + 2*y. What is the units digit of i?
7
Suppose 4*q - 5*u = 326, -3*q = -3*u - 0*u - 243. What is the tens digit of q?
7
Suppose -3*g + 2*v + 15 = 0, 0 = g + 2*g + 4*v - 15. Suppose -3*p - g = -4*p. Suppose 0*d + p = d. What is the units digit of d?
5
Suppose -l - 5*p = -24, 3*l + 4*p = 6*p + 140. Suppose 0 = -2*h + 6*h - l. What is the units di